{"version":"1.0","provider_name":"Immovance","provider_url":"https:\/\/dev.as2web.fr\/immovance","author_name":"Florian","author_url":"https:\/\/dev.as2web.fr\/immovance\/author\/florian","title":"PRADES LE LEZ - VENTE APPARTEMENT T3 avec terrasse - Immovance","type":"rich","width":600,"height":338,"html":"<blockquote class=\"wp-embedded-content\" data-secret=\"ts86HceRp4\"><a href=\"https:\/\/dev.as2web.fr\/immovance\/bien\/prades-le-lez-vente-appartement-t3-avec-terrasse\">PRADES LE LEZ &#8211; VENTE APPARTEMENT T3 avec terrasse<\/a><\/blockquote><iframe sandbox=\"allow-scripts\" security=\"restricted\" src=\"https:\/\/dev.as2web.fr\/immovance\/bien\/prades-le-lez-vente-appartement-t3-avec-terrasse\/embed#?secret=ts86HceRp4\" width=\"600\" height=\"338\" title=\"\u00ab\u00a0PRADES LE LEZ &#8211; VENTE APPARTEMENT T3 avec terrasse\u00a0\u00bb &#8212; Immovance\" data-secret=\"ts86HceRp4\" frameborder=\"0\" marginwidth=\"0\" marginheight=\"0\" scrolling=\"no\" class=\"wp-embedded-content\"><\/iframe><script type=\"text\/javascript\">\n\/*! This file is auto-generated *\/\n!function(c,d){\"use strict\";var e=!1,o=!1;if(d.querySelector)if(c.addEventListener)e=!0;if(c.wp=c.wp||{},!c.wp.receiveEmbedMessage)if(c.wp.receiveEmbedMessage=function(e){var t=e.data;if(t)if(t.secret||t.message||t.value)if(!\/[^a-zA-Z0-9]\/.test(t.secret)){for(var r,a,i,s=d.querySelectorAll('iframe[data-secret=\"'+t.secret+'\"]'),n=d.querySelectorAll('blockquote[data-secret=\"'+t.secret+'\"]'),o=0;o<n.length;o++)n[o].style.display=\"none\";for(o=0;o<s.length;o++)if(r=s[o],e.source===r.contentWindow){if(r.removeAttribute(\"style\"),\"height\"===t.message){if(1e3<(i=parseInt(t.value,10)))i=1e3;else if(~~i<200)i=200;r.height=i}if(\"link\"===t.message)if(a=d.createElement(\"a\"),i=d.createElement(\"a\"),a.href=r.getAttribute(\"src\"),i.href=t.value,i.host===a.host)if(d.activeElement===r)c.top.location.href=t.value}}},e)c.addEventListener(\"message\",c.wp.receiveEmbedMessage,!1),d.addEventListener(\"DOMContentLoaded\",t,!1),c.addEventListener(\"load\",t,!1);function t(){if(!o){o=!0;for(var e,t,r,a=-1!==navigator.appVersion.indexOf(\"MSIE 10\"),i=!!navigator.userAgent.match(\/Trident.*rv:11\\.\/),s=d.querySelectorAll(\"iframe.wp-embedded-content\"),n=0;n<s.length;n++){if(!(r=(t=s[n]).getAttribute(\"data-secret\")))r=Math.random().toString(36).substr(2,10),t.src+=\"#?secret=\"+r,t.setAttribute(\"data-secret\",r);if(a||i)(e=t.cloneNode(!0)).removeAttribute(\"security\"),t.parentNode.replaceChild(e,t);t.contentWindow.postMessage({message:\"ready\",secret:r},\"*\")}}}}(window,document);\n<\/script>\n","thumbnail_url":"https:\/\/dev.as2web.fr\/immovance\/wp-content\/uploads\/2022\/05\/photo_d6d59c45cca0227ec584c546c69a9a3f-57165.jpg","thumbnail_width":2048,"thumbnail_height":1536,"description":"Exclusivit\u00e9 &#8211; Prades le Lez &#8211; Dans un village situ\u00e9 \u00e0 10 min de Montpellier. Beaucoup de charme vous attend pour ce T3 se situant au premier et dernier \u00e9tage d&rsquo;une petite r\u00e9sidence s\u00e9curis\u00e9e proche du centre ville et de toutes commodit\u00e9s. Cette construction nous offre un appartement de 47m2, lumineux avec une cuisine \u00e9quip\u00e9e ouverte sur un espace de vie agr\u00e9able, donnant sur ..."}

Exclusivité &#8211; Prades le Lez &#8211; Dans un village situé à 10 min de Montpellier. Beaucoup de charme vous attend pour ce T3 se situant au premier et dernier étage d&rsquo;une petite résidence sécurisée proche du centre ville et de toutes commodités. Cette construction nous offre un appartement de 47m2, lumineux avec une cuisine équipée ouverte sur un espace de vie agréable, donnant sur ...
