{"version":"1.0","provider_name":"Immovance","provider_url":"https:\/\/dev.as2web.fr\/immovance","author_name":"Florian","author_url":"https:\/\/dev.as2web.fr\/immovance\/author\/florian","title":"LOCATION Appartement 2 pi\u00e8ces Montpellier Boutonnet R\u00e9s. S\u00e9n - Immovance","type":"rich","width":600,"height":338,"html":"<blockquote class=\"wp-embedded-content\" data-secret=\"y1F8etDvCA\"><a href=\"https:\/\/dev.as2web.fr\/immovance\/bien\/location-appartement-2-pieces-montpellier-boutonnet-res-sen\">LOCATION Appartement 2 pi\u00e8ces Montpellier Boutonnet R\u00e9s. S\u00e9n<\/a><\/blockquote><iframe sandbox=\"allow-scripts\" security=\"restricted\" src=\"https:\/\/dev.as2web.fr\/immovance\/bien\/location-appartement-2-pieces-montpellier-boutonnet-res-sen\/embed#?secret=y1F8etDvCA\" width=\"600\" height=\"338\" title=\"\u00ab\u00a0LOCATION Appartement 2 pi\u00e8ces Montpellier Boutonnet R\u00e9s. S\u00e9n\u00a0\u00bb &#8212; Immovance\" data-secret=\"y1F8etDvCA\" frameborder=\"0\" marginwidth=\"0\" marginheight=\"0\" scrolling=\"no\" class=\"wp-embedded-content\"><\/iframe><script type=\"text\/javascript\">\n\/*! This file is auto-generated *\/\n!function(c,d){\"use strict\";var e=!1,o=!1;if(d.querySelector)if(c.addEventListener)e=!0;if(c.wp=c.wp||{},!c.wp.receiveEmbedMessage)if(c.wp.receiveEmbedMessage=function(e){var t=e.data;if(t)if(t.secret||t.message||t.value)if(!\/[^a-zA-Z0-9]\/.test(t.secret)){for(var r,a,i,s=d.querySelectorAll('iframe[data-secret=\"'+t.secret+'\"]'),n=d.querySelectorAll('blockquote[data-secret=\"'+t.secret+'\"]'),o=0;o<n.length;o++)n[o].style.display=\"none\";for(o=0;o<s.length;o++)if(r=s[o],e.source===r.contentWindow){if(r.removeAttribute(\"style\"),\"height\"===t.message){if(1e3<(i=parseInt(t.value,10)))i=1e3;else if(~~i<200)i=200;r.height=i}if(\"link\"===t.message)if(a=d.createElement(\"a\"),i=d.createElement(\"a\"),a.href=r.getAttribute(\"src\"),i.href=t.value,i.host===a.host)if(d.activeElement===r)c.top.location.href=t.value}}},e)c.addEventListener(\"message\",c.wp.receiveEmbedMessage,!1),d.addEventListener(\"DOMContentLoaded\",t,!1),c.addEventListener(\"load\",t,!1);function t(){if(!o){o=!0;for(var e,t,r,a=-1!==navigator.appVersion.indexOf(\"MSIE 10\"),i=!!navigator.userAgent.match(\/Trident.*rv:11\\.\/),s=d.querySelectorAll(\"iframe.wp-embedded-content\"),n=0;n<s.length;n++){if(!(r=(t=s[n]).getAttribute(\"data-secret\")))r=Math.random().toString(36).substr(2,10),t.src+=\"#?secret=\"+r,t.setAttribute(\"data-secret\",r);if(a||i)(e=t.cloneNode(!0)).removeAttribute(\"security\"),t.parentNode.replaceChild(e,t);t.contentWindow.postMessage({message:\"ready\",secret:r},\"*\")}}}}(window,document);\n<\/script>\n","thumbnail_url":"https:\/\/dev.as2web.fr\/immovance\/wp-content\/uploads\/2022\/04\/photo_fa4521c4e0c308cb08b639f51c58bc67-55339.jpg","thumbnail_width":1600,"thumbnail_height":1200,"description":"Dans une r\u00e9sidence s\u00e9niore s\u00e9curis\u00e9e, calme et chaleureux, l&rsquo;agence immovance vous propose ce magnifique appartement T2 d&rsquo;une superficie de 59.17m2 baign\u00e9 de lumi\u00e8re. D\u00e8s l&rsquo;entr\u00e9e, vous acc\u00e8dez au salon\/s\u00e9jour de 30m2 lumineux avec sa cuisine s\u00e9par\u00e9e, am\u00e9nag\u00e9e et semi-\u00e9quip\u00e9e. Vous pourrez \u00e9galement acc\u00e8der \u00e0 une terrasse de 8m2 pour profiter d&rsquo;une vue d\u00e9gag\u00e9e et agr\u00e9able. Un couloir dessert une salle d&rsquo;eau \u00e9quip\u00e9e d&rsquo;une douche, ..."}

LOCATION Appartement 2 pièces Montpellier Boutonnet Rés. Sén - Immovance

<blockquote class="wp-embedded-content" data-secret="y1F8etDvCA"><a href="https://dev.as2web.fr/immovance/bien/location-appartement-2-pieces-montpellier-boutonnet-res-sen">LOCATION Appartement 2 pièces Montpellier Boutonnet Rés. Sén</a></blockquote><iframe sandbox="allow-scripts" security="restricted" src="https://dev.as2web.fr/immovance/bien/location-appartement-2-pieces-montpellier-boutonnet-res-sen/embed#?secret=y1F8etDvCA" width="600" height="338" title="« LOCATION Appartement 2 pièces Montpellier Boutonnet Rés. Sén » &#8212; Immovance" data-secret="y1F8etDvCA" frameborder="0" marginwidth="0" marginheight="0" scrolling="no" class="wp-embedded-content"></iframe><script type="text/javascript">
/*! This file is auto-generated */
!function(c,d){"use strict";var e=!1,o=!1;if(d.querySelector)if(c.addEventListener)e=!0;if(c.wp=c.wp||{},!c.wp.receiveEmbedMessage)if(c.wp.receiveEmbedMessage=function(e){var t=e.data;if(t)if(t.secret||t.message||t.value)if(!/[^a-zA-Z0-9]/.test(t.secret)){for(var r,a,i,s=d.querySelectorAll('iframe[data-secret="'+t.secret+'"]'),n=d.querySelectorAll('blockquote[data-secret="'+t.secret+'"]'),o=0;o<n.length;o++)n[o].style.display="none";for(o=0;o<s.length;o++)if(r=s[o],e.source===r.contentWindow){if(r.removeAttribute("style"),"height"===t.message){if(1e3<(i=parseInt(t.value,10)))i=1e3;else if(~~i<200)i=200;r.height=i}if("link"===t.message)if(a=d.createElement("a"),i=d.createElement("a"),a.href=r.getAttribute("src"),i.href=t.value,i.host===a.host)if(d.activeElement===r)c.top.location.href=t.value}}},e)c.addEventListener("message",c.wp.receiveEmbedMessage,!1),d.addEventListener("DOMContentLoaded",t,!1),c.addEventListener("load",t,!1);function t(){if(!o){o=!0;for(var e,t,r,a=-1!==navigator.appVersion.indexOf("MSIE 10"),i=!!navigator.userAgent.match(/Trident.*rv:11\./),s=d.querySelectorAll("iframe.wp-embedded-content"),n=0;n<s.length;n++){if(!(r=(t=s[n]).getAttribute("data-secret")))r=Math.random().toString(36).substr(2,10),t.src+="#?secret="+r,t.setAttribute("data-secret",r);if(a||i)(e=t.cloneNode(!0)).removeAttribute("security"),t.parentNode.replaceChild(e,t);t.contentWindow.postMessage({message:"ready",secret:r},"*")}}}}(window,document);
</script>

Dans une résidence séniore sécurisée, calme et chaleureux, l&rsquo;agence immovance vous propose ce magnifique appartement T2 d&rsquo;une superficie de 59.17m2 baigné de lumière. Dès l&rsquo;entrée, vous accèdez au salon/séjour de 30m2 lumineux avec sa cuisine séparée, aménagée et semi-équipée. Vous pourrez également accèder à une terrasse de 8m2 pour profiter d&rsquo;une vue dégagée et agréable. Un couloir dessert une salle d&rsquo;eau équipée d&rsquo;une douche, ...
